{"id":1362,"date":"2024-01-07T16:18:46","date_gmt":"2024-01-07T16:18:46","guid":{"rendered":"https:\/\/arquidiocesedeteresina.org.br\/campanhas\/?page_id=1362"},"modified":"2024-01-28T15:58:03","modified_gmt":"2024-01-28T15:58:03","slug":"campanha-da-fraternidade-2024","status":"publish","type":"page","link":"https:\/\/arquidiocesedeteresina.org.br\/campanhas\/campanha-da-fraternidade-2024\/","title":{"rendered":"Campanha da Fraternidade 2024"},"content":{"rendered":"\t\t<div data-elementor-type=\"wp-page\" data-elementor-id=\"1362\" class=\"elementor elementor-1362\" data-elementor-post-type=\"page\">\n\t\t\t\t<div class=\"elementor-element elementor-element-ffcd997 e-flex e-con-boxed e-con e-parent\" data-id=\"ffcd997\" data-element_type=\"container\" data-settings=\"{&quot;background_background&quot;:&quot;classic&quot;}\">\n\t\t\t\t\t<div class=\"e-con-inner\">\n\t\t\t\t\t<\/div>\n\t\t\t\t<\/div>\n\t\t<div class=\"elementor-element elementor-element-2927214 e-con-full e-flex e-con e-parent\" data-id=\"2927214\" data-element_type=\"container\">\n\t\t<div class=\"elementor-element elementor-element-f43f2fb e-con-full e-flex e-con e-child\" data-id=\"f43f2fb\" data-element_type=\"container\" data-settings=\"{&quot;background_background&quot;:&quot;classic&quot;}\">\n\t\t\t\t<div class=\"elementor-element elementor-element-d368d00 elementor-widget elementor-widget-image\" data-id=\"d368d00\" data-element_type=\"widget\" data-widget_type=\"image.default\">\n\t\t\t\t<div class=\"elementor-widget-container\">\n\t\t\t\t\t\t\t\t\t\t\t\t\t\t\t<img fetchpriority=\"high\" decoding=\"async\" width=\"1810\" height=\"2560\" src=\"https:\/\/arquidiocesedeteresina.org.br\/campanhas\/wp-content\/uploads\/2023\/12\/cartaz-CF-2024-A3-scaled-1.jpg\" class=\"attachment-full size-full wp-image-1339\" alt=\"\" srcset=\"https:\/\/arquidiocesedeteresina.org.br\/campanhas\/wp-content\/uploads\/2023\/12\/cartaz-CF-2024-A3-scaled-1.jpg 1810w, https:\/\/arquidiocesedeteresina.org.br\/campanhas\/wp-content\/uploads\/2023\/12\/cartaz-CF-2024-A3-scaled-1-212x300.jpg 212w, https:\/\/arquidiocesedeteresina.org.br\/campanhas\/wp-content\/uploads\/2023\/12\/cartaz-CF-2024-A3-scaled-1-724x1024.jpg 724w, https:\/\/arquidiocesedeteresina.org.br\/campanhas\/wp-content\/uploads\/2023\/12\/cartaz-CF-2024-A3-scaled-1-768x1086.jpg 768w, https:\/\/arquidiocesedeteresina.org.br\/campanhas\/wp-content\/uploads\/2023\/12\/cartaz-CF-2024-A3-scaled-1-1086x1536.jpg 1086w, https:\/\/arquidiocesedeteresina.org.br\/campanhas\/wp-content\/uploads\/2023\/12\/cartaz-CF-2024-A3-scaled-1-1448x2048.jpg 1448w\" sizes=\"(max-width: 1810px) 100vw, 1810px\" \/>\t\t\t\t\t\t\t\t\t\t\t\t\t\t\t<\/div>\n\t\t\t\t<\/div>\n\t\t<div class=\"elementor-element elementor-element-a62575e e-flex e-con-boxed e-con e-child\" data-id=\"a62575e\" data-element_type=\"container\" data-settings=\"{&quot;background_background&quot;:&quot;classic&quot;}\">\n\t\t\t\t\t<div class=\"e-con-inner\">\n\t\t\t\t<div class=\"elementor-element elementor-element-7466e99 elementor-widget elementor-widget-heading\" data-id=\"7466e99\" data-element_type=\"widget\" data-widget_type=\"heading.default\">\n\t\t\t\t<div class=\"elementor-widget-container\">\n\t\t\t\t\t<span class=\"elementor-heading-title elementor-size-default\">AGENDA DE ATIVIDADES NA\nARQUIDIOCESE DE TERESINA<\/span>\t\t\t\t<\/div>\n\t\t\t\t<\/div>\n\t\t\t\t\t<\/div>\n\t\t\t\t<\/div>\n\t\t\t\t<div class=\"elementor-element elementor-element-66022dc elementor-widget elementor-widget-text-editor\" data-id=\"66022dc\" data-element_type=\"widget\" data-widget_type=\"text-editor.default\">\n\t\t\t\t<div class=\"elementor-widget-container\">\n\t\t\t\t\t\t\t\t\t<p>27\/01\/2024<\/p><p>FORMA\u00c7\u00c3O ARQUIDIOCESANA\u00a0<\/p><p>NO AUDIT\u00d3RIO PAULO VI<\/p><div>\u00a0<\/div><p>15\/02\/2024<\/p><p>LAN\u00c7AMENTO PARA A IMPRENSA E PARA CLERO NA RESID\u00caNCIA EPSICOPAL\u00a0<\/p><p>\u00a0<\/p><p>17\/02\/2024<\/p><p>LAN\u00c7AMENTO ARQUIDIOCESANO DA CF 2024 PARA TODA A ARQUIDIOCESE DE TERESINA &#8211; VILA OPERARIA \u00c0S 19H<\/p>\t\t\t\t\t\t\t\t<\/div>\n\t\t\t\t<\/div>\n\t\t<div class=\"elementor-element elementor-element-05324bb e-flex e-con-boxed e-con e-child\" data-id=\"05324bb\" data-element_type=\"container\" data-settings=\"{&quot;background_background&quot;:&quot;classic&quot;}\">\n\t\t\t\t\t<div class=\"e-con-inner\">\n\t\t\t\t<div class=\"elementor-element elementor-element-de15171 elementor-widget elementor-widget-heading\" data-id=\"de15171\" data-element_type=\"widget\" data-widget_type=\"heading.default\">\n\t\t\t\t<div class=\"elementor-widget-container\">\n\t\t\t\t\t<span class=\"elementor-heading-title elementor-size-default\">DOWNLOADS<\/span>\t\t\t\t<\/div>\n\t\t\t\t<\/div>\n\t\t\t\t\t<\/div>\n\t\t\t\t<\/div>\n\t\t<div class=\"elementor-element elementor-element-ec9f8f1 e-flex e-con-boxed e-con e-child\" data-id=\"ec9f8f1\" data-element_type=\"container\">\n\t\t\t\t\t<div class=\"e-con-inner\">\n\t\t\t\t<div class=\"elementor-element elementor-element-150f29b elementor-widget elementor-widget-text-editor\" data-id=\"150f29b\" data-element_type=\"widget\" data-widget_type=\"text-editor.default\">\n\t\t\t\t<div class=\"elementor-widget-container\">\n\t\t\t\t\t\t\t\t\t<article><div><span style=\"color: #000000;\"><a style=\"color: #000000;\" href=\"https:\/\/campanhas.cnbb.org.br\/wp-content\/uploads\/2023\/12\/Hino-CF-2024-vozes-parte-2.pdf\"><img decoding=\"async\" src=\"https:\/\/campanhas.cnbb.org.br\/wp-content\/themes\/minhaparoquia\/images\/pdf.png\" \/>Hino da Campanha \u2013 vozes do refr\u00e3o<\/a><\/span><\/div><\/article><article><div><span style=\"color: #000000;\"><a style=\"color: #000000;\" href=\"https:\/\/campanhas.cnbb.org.br\/wp-content\/uploads\/2023\/12\/Hino-CF-2024-parte-1.pdf\"><img decoding=\"async\" src=\"https:\/\/campanhas.cnbb.org.br\/wp-content\/themes\/minhaparoquia\/images\/pdf.png\" \/>Hino da Campanha da Fraternidade 2024<\/a><\/span><\/div><\/article><article><div><span style=\"color: #000000;\"><a style=\"color: #000000;\" href=\"https:\/\/cnbbne3-my.sharepoint.com\/:f:\/g\/personal\/imprensa_cnbb_org_br\/ErgWOSUkIttEjbHsUp5stg0BlIRn_Vx0AkHx093nzdeuEA?e=dtBMG5\"><img decoding=\"async\" src=\"https:\/\/campanhas.cnbb.org.br\/wp-content\/themes\/minhaparoquia\/images\/outro.png\" \/>CF 2024 \u2013 Ora\u00e7\u00e3o<\/a><\/span><\/div><\/article><article><div><span style=\"color: #000000;\"><a style=\"color: #000000;\" href=\"https:\/\/cnbbne3-my.sharepoint.com\/:f:\/g\/personal\/imprensa_cnbb_org_br\/Ej00WGDGXr1BrgHVGUHw96cB4MMebcsG3HW5FVzrFUseYw?e=Sty4I0\"><img decoding=\"async\" src=\"https:\/\/campanhas.cnbb.org.br\/wp-content\/themes\/minhaparoquia\/images\/outro.png\" \/>CF 2024 \u2013 Material para as Redes Sociais<\/a><\/span><\/div><\/article><article><div><span style=\"color: #000000;\"><a style=\"color: #000000;\" href=\"https:\/\/campanhas.cnbb.org.br\/wp-content\/uploads\/2023\/07\/cartaz-CF-2024-A4-1.pdf\"><img decoding=\"async\" src=\"https:\/\/campanhas.cnbb.org.br\/wp-content\/themes\/minhaparoquia\/images\/pdf.png\" \/>Cartaz da Campanha da Fraternidade 2024<\/a><\/span><\/div><div><a style=\"text-align: var(--text-align); background-color: #f1f1f1; font-size: 1rem; color: #000000;\" href=\"https:\/\/arquidiocesedeteresina.org.br\/campanhas\/wp-content\/uploads\/2024\/01\/CF-2024.pdf\"><img decoding=\"async\" src=\"https:\/\/campanhas.cnbb.org.br\/wp-content\/themes\/minhaparoquia\/images\/pdf.png\" \/>Material para forma\u00e7\u00e3o da CF 2024 &#8211; Apresenta\u00e7\u00e3o de slides<\/a><\/div><div><span style=\"color: #000000;\"><a style=\"color: #000000;\" href=\"https:\/\/arquidiocesedeteresina.org.br\/campanhas\/wp-content\/uploads\/2024\/01\/texto-base-cf-2024-pdf.pdf\"><img decoding=\"async\" src=\"https:\/\/campanhas.cnbb.org.br\/wp-content\/themes\/minhaparoquia\/images\/pdf.png\" \/>T<\/a>exto Base<\/span><\/div><\/article>\t\t\t\t\t\t\t\t<\/div>\n\t\t\t\t<\/div>\n\t\t\t\t\t<\/div>\n\t\t\t\t<\/div>\n\t\t\t\t<\/div>\n\t\t<div class=\"elementor-element elementor-element-c682043 e-con-full e-flex e-con e-child\" data-id=\"c682043\" data-element_type=\"container\" data-settings=\"{&quot;background_background&quot;:&quot;classic&quot;}\">\n\t\t\t\t<div class=\"elementor-element elementor-element-3d1c74c elementor-widget elementor-widget-heading\" data-id=\"3d1c74c\" data-element_type=\"widget\" data-widget_type=\"heading.default\">\n\t\t\t\t<div class=\"elementor-widget-container\">\n\t\t\t\t\t<h2 class=\"elementor-heading-title elementor-size-default\">CAMPANHA DA FRATERNIDADE 2024<\/h2>\t\t\t\t<\/div>\n\t\t\t\t<\/div>\n\t\t\t\t<div class=\"elementor-element elementor-element-608f351 elementor-widget elementor-widget-heading\" data-id=\"608f351\" data-element_type=\"widget\" data-widget_type=\"heading.default\">\n\t\t\t\t<div class=\"elementor-widget-container\">\n\t\t\t\t\t<h4 class=\"elementor-heading-title elementor-size-default\">Fraternidade e Amizade Social<\/h4>\t\t\t\t<\/div>\n\t\t\t\t<\/div>\n\t\t<div class=\"elementor-element elementor-element-4c245e8 e-flex e-con-boxed e-con e-child\" data-id=\"4c245e8\" data-element_type=\"container\">\n\t\t\t\t\t<div class=\"e-con-inner\">\n\t\t\t\t<div class=\"elementor-element elementor-element-b9c061f elementor-grid-1 elementor-grid-tablet-2 elementor-grid-mobile-1 elementor-posts--thumbnail-top elementor-card-shadow-yes elementor-posts__hover-gradient elementor-widget elementor-widget-posts\" data-id=\"b9c061f\" data-element_type=\"widget\" data-settings=\"{&quot;cards_columns&quot;:&quot;1&quot;,&quot;cards_columns_tablet&quot;:&quot;2&quot;,&quot;cards_columns_mobile&quot;:&quot;1&quot;,&quot;cards_row_gap&quot;:{&quot;unit&quot;:&quot;px&quot;,&quot;size&quot;:35,&quot;sizes&quot;:[]},&quot;cards_row_gap_tablet&quot;:{&quot;unit&quot;:&quot;px&quot;,&quot;size&quot;:&quot;&quot;,&quot;sizes&quot;:[]},&quot;cards_row_gap_mobile&quot;:{&quot;unit&quot;:&quot;px&quot;,&quot;size&quot;:&quot;&quot;,&quot;sizes&quot;:[]}}\" data-widget_type=\"posts.cards\">\n\t\t\t\t<div class=\"elementor-widget-container\">\n\t\t\t\t\t\t\t<div class=\"elementor-posts-container elementor-posts elementor-posts--skin-cards elementor-grid\">\n\t\t\t\t<article class=\"elementor-post elementor-grid-item post-1555 post type-post status-publish format-standard has-post-thumbnail hentry category-cf-2025\">\n\t\t\t<div class=\"elementor-post__card\">\n\t\t\t\t<a class=\"elementor-post__thumbnail__link\" href=\"https:\/\/arquidiocesedeteresina.org.br\/campanhas\/arquidiocese-de-teresina-marca-o-lancamento-da-campanha-da-fraternidade-com-missa\/\" tabindex=\"-1\" ><div class=\"elementor-post__thumbnail\"><img decoding=\"async\" width=\"300\" height=\"225\" src=\"https:\/\/arquidiocesedeteresina.org.br\/campanhas\/wp-content\/uploads\/2025\/03\/Snapinst.app_483475830_18346886581144270_6645096399168169384_n_1080-300x225.jpg\" class=\"attachment-medium size-medium wp-image-1556\" alt=\"\" srcset=\"https:\/\/arquidiocesedeteresina.org.br\/campanhas\/wp-content\/uploads\/2025\/03\/Snapinst.app_483475830_18346886581144270_6645096399168169384_n_1080-300x225.jpg 300w, https:\/\/arquidiocesedeteresina.org.br\/campanhas\/wp-content\/uploads\/2025\/03\/Snapinst.app_483475830_18346886581144270_6645096399168169384_n_1080-1024x767.jpg 1024w, https:\/\/arquidiocesedeteresina.org.br\/campanhas\/wp-content\/uploads\/2025\/03\/Snapinst.app_483475830_18346886581144270_6645096399168169384_n_1080-768x575.jpg 768w, https:\/\/arquidiocesedeteresina.org.br\/campanhas\/wp-content\/uploads\/2025\/03\/Snapinst.app_483475830_18346886581144270_6645096399168169384_n_1080.jpg 1080w\" sizes=\"(max-width: 300px) 100vw, 300px\" \/><\/div><\/a>\n\t\t\t\t<div class=\"elementor-post__badge\">CF 2025<\/div>\n\t\t\t\t<div class=\"elementor-post__text\">\n\t\t\t\t<h3 class=\"elementor-post__title\">\n\t\t\t<a href=\"https:\/\/arquidiocesedeteresina.org.br\/campanhas\/arquidiocese-de-teresina-marca-o-lancamento-da-campanha-da-fraternidade-com-missa\/\" >\n\t\t\t\tArquidiocese de Teresina marca o Lan\u00e7amento da Campanha da Fraternidade com missa\t\t\t<\/a>\n\t\t<\/h3>\n\t\t\t\t<\/div>\n\t\t\t\t<div class=\"elementor-post__meta-data\">\n\t\t\t\t\t<span class=\"elementor-post-date\">\n\t\t\tmar\u00e7o 18, 2025\t\t<\/span>\n\t\t\t\t<\/div>\n\t\t\t\t\t<\/div>\n\t\t<\/article>\n\t\t\t\t<article class=\"elementor-post elementor-grid-item post-1552 post type-post status-publish format-standard has-post-thumbnail hentry category-cf-2025\">\n\t\t\t<div class=\"elementor-post__card\">\n\t\t\t\t<a class=\"elementor-post__thumbnail__link\" href=\"https:\/\/arquidiocesedeteresina.org.br\/campanhas\/igreja-do-piaui-lanca-campanha-da-fraternidade-e-romaria-da-terra-e-da-agua-com-foco-na-ecologia-integral\/\" tabindex=\"-1\" ><div class=\"elementor-post__thumbnail\"><img decoding=\"async\" width=\"300\" height=\"200\" src=\"https:\/\/arquidiocesedeteresina.org.br\/campanhas\/wp-content\/uploads\/2025\/03\/WhatsApp-Image-2025-03-06-at-12.14.13-1536x1024-1-300x200.jpeg\" class=\"attachment-medium size-medium wp-image-1553\" alt=\"\" srcset=\"https:\/\/arquidiocesedeteresina.org.br\/campanhas\/wp-content\/uploads\/2025\/03\/WhatsApp-Image-2025-03-06-at-12.14.13-1536x1024-1-300x200.jpeg 300w, https:\/\/arquidiocesedeteresina.org.br\/campanhas\/wp-content\/uploads\/2025\/03\/WhatsApp-Image-2025-03-06-at-12.14.13-1536x1024-1-1024x683.jpeg 1024w, https:\/\/arquidiocesedeteresina.org.br\/campanhas\/wp-content\/uploads\/2025\/03\/WhatsApp-Image-2025-03-06-at-12.14.13-1536x1024-1-768x512.jpeg 768w, https:\/\/arquidiocesedeteresina.org.br\/campanhas\/wp-content\/uploads\/2025\/03\/WhatsApp-Image-2025-03-06-at-12.14.13-1536x1024-1.jpeg 1536w\" sizes=\"(max-width: 300px) 100vw, 300px\" \/><\/div><\/a>\n\t\t\t\t<div class=\"elementor-post__badge\">CF 2025<\/div>\n\t\t\t\t<div class=\"elementor-post__text\">\n\t\t\t\t<h3 class=\"elementor-post__title\">\n\t\t\t<a href=\"https:\/\/arquidiocesedeteresina.org.br\/campanhas\/igreja-do-piaui-lanca-campanha-da-fraternidade-e-romaria-da-terra-e-da-agua-com-foco-na-ecologia-integral\/\" >\n\t\t\t\tIgreja do Piau\u00ed lan\u00e7a Campanha da Fraternidade e Romaria da Terra e da \u00c1gua com foco na Ecologia Integral\t\t\t<\/a>\n\t\t<\/h3>\n\t\t\t\t<\/div>\n\t\t\t\t<div class=\"elementor-post__meta-data\">\n\t\t\t\t\t<span class=\"elementor-post-date\">\n\t\t\tmar\u00e7o 18, 2025\t\t<\/span>\n\t\t\t\t<\/div>\n\t\t\t\t\t<\/div>\n\t\t<\/article>\n\t\t\t\t<article class=\"elementor-post elementor-grid-item post-1526 post type-post status-publish format-standard has-post-thumbnail hentry category-cf-2025\">\n\t\t\t<div class=\"elementor-post__card\">\n\t\t\t\t<a class=\"elementor-post__thumbnail__link\" href=\"https:\/\/arquidiocesedeteresina.org.br\/campanhas\/formacao-arquidiocesana-da-campanha-da-fraternidade-destaca-a-importancia-da-ecologia-integral\/\" tabindex=\"-1\" ><div class=\"elementor-post__thumbnail\"><img loading=\"lazy\" decoding=\"async\" width=\"300\" height=\"200\" src=\"https:\/\/arquidiocesedeteresina.org.br\/campanhas\/wp-content\/uploads\/2025\/02\/IMG_6500-1024x683-1-300x200.jpg\" class=\"attachment-medium size-medium wp-image-1527\" alt=\"\" srcset=\"https:\/\/arquidiocesedeteresina.org.br\/campanhas\/wp-content\/uploads\/2025\/02\/IMG_6500-1024x683-1-300x200.jpg 300w, https:\/\/arquidiocesedeteresina.org.br\/campanhas\/wp-content\/uploads\/2025\/02\/IMG_6500-1024x683-1-768x512.jpg 768w, https:\/\/arquidiocesedeteresina.org.br\/campanhas\/wp-content\/uploads\/2025\/02\/IMG_6500-1024x683-1.jpg 1024w\" sizes=\"(max-width: 300px) 100vw, 300px\" \/><\/div><\/a>\n\t\t\t\t<div class=\"elementor-post__badge\">CF 2025<\/div>\n\t\t\t\t<div class=\"elementor-post__text\">\n\t\t\t\t<h3 class=\"elementor-post__title\">\n\t\t\t<a href=\"https:\/\/arquidiocesedeteresina.org.br\/campanhas\/formacao-arquidiocesana-da-campanha-da-fraternidade-destaca-a-importancia-da-ecologia-integral\/\" >\n\t\t\t\tForma\u00e7\u00e3o Arquidiocesana da Campanha da Fraternidade destaca a import\u00e2ncia da Ecologia Integral\t\t\t<\/a>\n\t\t<\/h3>\n\t\t\t\t<\/div>\n\t\t\t\t<div class=\"elementor-post__meta-data\">\n\t\t\t\t\t<span class=\"elementor-post-date\">\n\t\t\tfevereiro 6, 2025\t\t<\/span>\n\t\t\t\t<\/div>\n\t\t\t\t\t<\/div>\n\t\t<\/article>\n\t\t\t\t<article class=\"elementor-post elementor-grid-item post-1523 post type-post status-publish format-standard has-post-thumbnail hentry category-cf-2025\">\n\t\t\t<div class=\"elementor-post__card\">\n\t\t\t\t<a class=\"elementor-post__thumbnail__link\" href=\"https:\/\/arquidiocesedeteresina.org.br\/campanhas\/igreja-de-teresina-promove-formacao-para-campanha-da-fraternidade-2025-no-dia-25-01\/\" tabindex=\"-1\" ><div class=\"elementor-post__thumbnail\"><img loading=\"lazy\" decoding=\"async\" width=\"212\" height=\"300\" src=\"https:\/\/arquidiocesedeteresina.org.br\/campanhas\/wp-content\/uploads\/2025\/02\/png-final-1085x1536-1-212x300.png\" class=\"attachment-medium size-medium wp-image-1524\" alt=\"\" srcset=\"https:\/\/arquidiocesedeteresina.org.br\/campanhas\/wp-content\/uploads\/2025\/02\/png-final-1085x1536-1-212x300.png 212w, https:\/\/arquidiocesedeteresina.org.br\/campanhas\/wp-content\/uploads\/2025\/02\/png-final-1085x1536-1-723x1024.png 723w, https:\/\/arquidiocesedeteresina.org.br\/campanhas\/wp-content\/uploads\/2025\/02\/png-final-1085x1536-1-768x1087.png 768w, https:\/\/arquidiocesedeteresina.org.br\/campanhas\/wp-content\/uploads\/2025\/02\/png-final-1085x1536-1.png 1085w\" sizes=\"(max-width: 212px) 100vw, 212px\" \/><\/div><\/a>\n\t\t\t\t<div class=\"elementor-post__badge\">CF 2025<\/div>\n\t\t\t\t<div class=\"elementor-post__text\">\n\t\t\t\t<h3 class=\"elementor-post__title\">\n\t\t\t<a href=\"https:\/\/arquidiocesedeteresina.org.br\/campanhas\/igreja-de-teresina-promove-formacao-para-campanha-da-fraternidade-2025-no-dia-25-01\/\" >\n\t\t\t\tIgreja de Teresina promove forma\u00e7\u00e3o para Campanha da Fraternidade 2025 no dia 25\/01\t\t\t<\/a>\n\t\t<\/h3>\n\t\t\t\t<\/div>\n\t\t\t\t<div class=\"elementor-post__meta-data\">\n\t\t\t\t\t<span class=\"elementor-post-date\">\n\t\t\tjaneiro 6, 2025\t\t<\/span>\n\t\t\t\t<\/div>\n\t\t\t\t\t<\/div>\n\t\t<\/article>\n\t\t\t\t<article class=\"elementor-post elementor-grid-item post-1521 post type-post status-publish format-standard has-post-thumbnail hentry category-evangelizacao-2024\">\n\t\t\t<div class=\"elementor-post__card\">\n\t\t\t\t<a class=\"elementor-post__thumbnail__link\" href=\"https:\/\/arquidiocesedeteresina.org.br\/campanhas\/jesus-nossa-esperanca-habita-entre-nos-e-nossa-missao-anuncia-lo-e-o-tema-da-campanha-para-evangelizacao-2024\/\" tabindex=\"-1\" ><div class=\"elementor-post__thumbnail\"><img loading=\"lazy\" decoding=\"async\" width=\"212\" height=\"300\" src=\"https:\/\/arquidiocesedeteresina.org.br\/campanhas\/wp-content\/uploads\/2024\/12\/CARTAZCEV2024_page-0001-212x300.jpg\" class=\"attachment-medium size-medium wp-image-1517\" alt=\"\" srcset=\"https:\/\/arquidiocesedeteresina.org.br\/campanhas\/wp-content\/uploads\/2024\/12\/CARTAZCEV2024_page-0001-212x300.jpg 212w, https:\/\/arquidiocesedeteresina.org.br\/campanhas\/wp-content\/uploads\/2024\/12\/CARTAZCEV2024_page-0001-724x1024.jpg 724w, https:\/\/arquidiocesedeteresina.org.br\/campanhas\/wp-content\/uploads\/2024\/12\/CARTAZCEV2024_page-0001-768x1086.jpg 768w, https:\/\/arquidiocesedeteresina.org.br\/campanhas\/wp-content\/uploads\/2024\/12\/CARTAZCEV2024_page-0001-1086x1536.jpg 1086w, https:\/\/arquidiocesedeteresina.org.br\/campanhas\/wp-content\/uploads\/2024\/12\/CARTAZCEV2024_page-0001-1448x2048.jpg 1448w, https:\/\/arquidiocesedeteresina.org.br\/campanhas\/wp-content\/uploads\/2024\/12\/CARTAZCEV2024_page-0001.jpg 1754w\" sizes=\"(max-width: 212px) 100vw, 212px\" \/><\/div><\/a>\n\t\t\t\t<div class=\"elementor-post__badge\">EVANGELIZA\u00c7\u00c3O 2024<\/div>\n\t\t\t\t<div class=\"elementor-post__text\">\n\t\t\t\t<h3 class=\"elementor-post__title\">\n\t\t\t<a href=\"https:\/\/arquidiocesedeteresina.org.br\/campanhas\/jesus-nossa-esperanca-habita-entre-nos-e-nossa-missao-anuncia-lo-e-o-tema-da-campanha-para-evangelizacao-2024\/\" >\n\t\t\t\t\u201cJesus, nossa Esperan\u00e7a, habita entre n\u00f3s. \u00c9 nossa miss\u00e3o anunci\u00e1-lo\u201d \u00e9 o tema da Campanha para Evangeliza\u00e7\u00e3o 2024\t\t\t<\/a>\n\t\t<\/h3>\n\t\t\t\t<\/div>\n\t\t\t\t<div class=\"elementor-post__meta-data\">\n\t\t\t\t\t<span class=\"elementor-post-date\">\n\t\t\tnovembro 25, 2024\t\t<\/span>\n\t\t\t\t<\/div>\n\t\t\t\t\t<\/div>\n\t\t<\/article>\n\t\t\t\t<article class=\"elementor-post elementor-grid-item post-1396 post type-post status-publish format-standard has-post-thumbnail hentry category-cf-2024\">\n\t\t\t<div class=\"elementor-post__card\">\n\t\t\t\t<a class=\"elementor-post__thumbnail__link\" href=\"https:\/\/arquidiocesedeteresina.org.br\/campanhas\/arquidiocese-de-teresina-promove-formacao-da-campanha-da-fraternidade-2024\/\" tabindex=\"-1\" ><div class=\"elementor-post__thumbnail\"><img loading=\"lazy\" decoding=\"async\" width=\"212\" height=\"300\" src=\"https:\/\/arquidiocesedeteresina.org.br\/campanhas\/wp-content\/uploads\/2023\/12\/cartaz-CF-2024-A3-scaled-1-212x300.jpg\" class=\"attachment-medium size-medium wp-image-1339\" alt=\"\" srcset=\"https:\/\/arquidiocesedeteresina.org.br\/campanhas\/wp-content\/uploads\/2023\/12\/cartaz-CF-2024-A3-scaled-1-212x300.jpg 212w, https:\/\/arquidiocesedeteresina.org.br\/campanhas\/wp-content\/uploads\/2023\/12\/cartaz-CF-2024-A3-scaled-1-724x1024.jpg 724w, https:\/\/arquidiocesedeteresina.org.br\/campanhas\/wp-content\/uploads\/2023\/12\/cartaz-CF-2024-A3-scaled-1-768x1086.jpg 768w, https:\/\/arquidiocesedeteresina.org.br\/campanhas\/wp-content\/uploads\/2023\/12\/cartaz-CF-2024-A3-scaled-1-1086x1536.jpg 1086w, https:\/\/arquidiocesedeteresina.org.br\/campanhas\/wp-content\/uploads\/2023\/12\/cartaz-CF-2024-A3-scaled-1-1448x2048.jpg 1448w, https:\/\/arquidiocesedeteresina.org.br\/campanhas\/wp-content\/uploads\/2023\/12\/cartaz-CF-2024-A3-scaled-1.jpg 1810w\" sizes=\"(max-width: 212px) 100vw, 212px\" \/><\/div><\/a>\n\t\t\t\t<div class=\"elementor-post__badge\">CF 2024<\/div>\n\t\t\t\t<div class=\"elementor-post__text\">\n\t\t\t\t<h3 class=\"elementor-post__title\">\n\t\t\t<a href=\"https:\/\/arquidiocesedeteresina.org.br\/campanhas\/arquidiocese-de-teresina-promove-formacao-da-campanha-da-fraternidade-2024\/\" >\n\t\t\t\tArquidiocese de Teresina promove Forma\u00e7\u00e3o da Campanha da Fraternidade 2024\t\t\t<\/a>\n\t\t<\/h3>\n\t\t\t\t<\/div>\n\t\t\t\t<div class=\"elementor-post__meta-data\">\n\t\t\t\t\t<span class=\"elementor-post-date\">\n\t\t\tjaneiro 7, 2024\t\t<\/span>\n\t\t\t\t<\/div>\n\t\t\t\t\t<\/div>\n\t\t<\/article>\n\t\t\t\t<\/div>\n\t\t\n\t\t\t\t\t\t<\/div>\n\t\t\t\t<\/div>\n\t\t\t\t\t<\/div>\n\t\t\t\t<\/div>\n\t\t\t\t<\/div>\n\t\t\t\t<\/div>\n\t\t\t\t<\/div>\n\t\t","protected":false},"excerpt":{"rendered":"<p>AGENDA DE ATIVIDADES NA ARQUIDIOCESE DE TERESINA 27\/01\/2024 FORMA\u00c7\u00c3O ARQUIDIOCESANA\u00a0 NO AUDIT\u00d3RIO PAULO VI \u00a0 15\/02\/2024 LAN\u00c7AMENTO PARA A IMPRENSA E PARA CLERO NA RESID\u00caNCIA<\/p>\n","protected":false},"author":1,"featured_media":0,"parent":0,"menu_order":0,"comment_status":"closed","ping_status":"closed","template":"","meta":{"site-sidebar-layout":"no-sidebar","site-content-layout":"page-builder","ast-site-content-layout":"full-width-container","site-content-style":"default","site-sidebar-style":"default","ast-global-header-display":"","ast-banner-title-visibility":"","ast-main-header-display":"","ast-hfb-above-header-display":"","ast-hfb-below-header-display":"","ast-hfb-mobile-header-display":"","site-post-title":"disabled","ast-breadcrumbs-content":"","ast-featured-img":"disabled","footer-sml-layout":"","theme-transparent-header-meta":"","adv-header-id-meta":"","stick-header-meta":"","header-above-stick-meta":"","header-main-stick-meta":"","header-below-stick-meta":"","astra-migrate-meta-layouts":"set","ast-page-background-enabled":"default","ast-page-background-meta":{"desktop":{"background-color":"var(--ast-global-color-4)","background-image":"","background-repeat":"repeat","background-position":"center center","background-size":"auto","background-attachment":"scroll","background-type":"","background-media":"","overlay-type":"","overlay-color":"","overlay-gradient":""},"tablet":{"background-color":"","background-image":"","background-repeat":"repeat","background-position":"center center","background-size":"auto","background-attachment":"scroll","background-type":"","background-media":"","overlay-type":"","overlay-color":"","overlay-gradient":""},"mobile":{"background-color":"","background-image":"","background-repeat":"repeat","background-position":"center center","background-size":"auto","background-attachment":"scroll","background-type":"","background-media":"","overlay-type":"","overlay-color":"","overlay-gradient":""}},"ast-content-background-meta":{"desktop":{"background-color":"var(--ast-global-color-5)","background-image":"","background-repeat":"repeat","background-position":"center center","background-size":"auto","background-attachment":"scroll","background-type":"","background-media":"","overlay-type":"","overlay-color":"","overlay-gradient":""},"tablet":{"background-color":"var(--ast-global-color-5)","background-image":"","background-repeat":"repeat","background-position":"center center","background-size":"auto","background-attachment":"scroll","background-type":"","background-media":"","overlay-type":"","overlay-color":"","overlay-gradient":""},"mobile":{"background-color":"var(--ast-global-color-5)","background-image":"","background-repeat":"repeat","background-position":"center center","background-size":"auto","background-attachment":"scroll","background-type":"","background-media":"","overlay-type":"","overlay-color":"","overlay-gradient":""}},"footnotes":""},"class_list":["post-1362","page","type-page","status-publish","hentry"],"_links":{"self":[{"href":"https:\/\/arquidiocesedeteresina.org.br\/campanhas\/wp-json\/wp\/v2\/pages\/1362","targetHints":{"allow":["GET"]}}],"collection":[{"href":"https:\/\/arquidiocesedeteresina.org.br\/campanhas\/wp-json\/wp\/v2\/pages"}],"about":[{"href":"https:\/\/arquidiocesedeteresina.org.br\/campanhas\/wp-json\/wp\/v2\/types\/page"}],"author":[{"embeddable":true,"href":"https:\/\/arquidiocesedeteresina.org.br\/campanhas\/wp-json\/wp\/v2\/users\/1"}],"replies":[{"embeddable":true,"href":"https:\/\/arquidiocesedeteresina.org.br\/campanhas\/wp-json\/wp\/v2\/comments?post=1362"}],"version-history":[{"count":37,"href":"https:\/\/arquidiocesedeteresina.org.br\/campanhas\/wp-json\/wp\/v2\/pages\/1362\/revisions"}],"predecessor-version":[{"id":1431,"href":"https:\/\/arquidiocesedeteresina.org.br\/campanhas\/wp-json\/wp\/v2\/pages\/1362\/revisions\/1431"}],"wp:attachment":[{"href":"https:\/\/arquidiocesedeteresina.org.br\/campanhas\/wp-json\/wp\/v2\/media?parent=1362"}],"curies":[{"name":"wp","href":"https:\/\/api.w.org\/{rel}","templated":true}]}}